common divisor of 7688 and 213280.
248
What is the greatest common divisor of 31589 and 2573?
31
Calculate the highest common factor of 23177 and 1568.
49
Calculate the highest common divisor of 3990 and 5520.
30
Calculate the greatest common divisor of 30357 and 36.
9
Calculate the greatest common factor of 9703 and 217.
31
Calculate the highest common factor of 257382 and 22752.
1422
Calculate the greatest common divisor of 2666 and 258.
86
Calculate the highest common divisor of 1280 and 53120.
640
What is the greatest common factor of 746529 and 38?
19
Calculate the greatest common divisor of 538 and 3711393.
269
What is the highest common factor of 162533 and 4991?
217
Calculate the highest common factor of 4491 and 153.
9
What is the highest common divisor of 1192204 and 3232?
404
Calculate the highest common divisor of 101124 and 48.
12
What is the highest common divisor of 1287 and 1386?
99
Calculate the greatest common divisor of 8059455 and 90.
45
Calculate the greatest common factor of 163212 and 1340.
268
What is the greatest common factor of 5685 and 75?
15
Calculate the highest common divisor of 165 and 5742.
33
Calculate the highest common factor of 303951 and 852.
213
Calculate the highest common divisor of 118 and 2310794.
118
Calculate the greatest common factor of 171 and 1845.
9
Calculate the highest common divisor of 42167 and 2547.
283
What is the highest common divisor of 82048 and 39101?
641
What is the greatest common factor of 54 and 90588?
6
Calculate the highest common divisor of 2149334 and 151.
151
Calculate the greatest common divisor of 11746 and 112.
14
Calculate the greatest common divisor of 174 and 45186.
6
Calculate the greatest common divisor of 15136 and 96.
32
Calculate the highest common factor of 54 and 5697.
27
Calculate the highest common factor of 3933 and 61731.
171
Calculate the highest common factor of 679 and 40313.
7
What is the greatest common factor of 490 and 298655?
245
Calculate the highest common factor of 8892 and 152.
76
Calculate the greatest common factor of 282 and 818646.
282
Calculate the greatest common factor of 12694565 and 95.
95
What is the greatest common divisor of 386 and 4580?
2
What is the greatest common divisor of 3836 and 482377?
959
What is the greatest common divisor of 184 and 2066826?
46
What is the highest common divisor of 2072 and 139272?
56
What is the highest common divisor of 374400 and 156?
156
What is the greatest common factor of 6630267 and 1099?
1099
What is the highest common factor of 44 and 863808?
44
What is the highest common divisor of 335642 and 7183?
653
What is the greatest common factor of 2800 and 2835?
35
Calculate the highest common factor of 405 and 55.
5
Calculate the highest common divisor of 8756 and 44.
44
What is the greatest common factor of 235 and 38405?
5
Calculate the highest common factor of 31710 and 17850.
210
Calculate the highest common divisor of 385959 and 105.
21
Calculate the greatest common divisor of 315 and 14002695.
315
Calculate the greatest common factor of 90 and 345393.
9
What is the greatest common divisor of 493040 and 1040?
80
Calculate the greatest common factor of 1375126 and 470.
94
Calculate the greatest common divisor of 360 and 56600.
40
What is the greatest common factor of 61746 and 5020?
502
What is the greatest common divisor of 112 and 113372?
28
Calculate the greatest common divisor of 96 and 25280.
32
What is the highest common factor of 297801 and 189?
63
Calculate the greatest common factor of 78144 and 36.
12
Calculate the greatest common divisor of 103900 and 200.
100
What is the greatest common divisor of 980 and 44380?
140
Calculate the highest common divisor of 4525 and 2925.
25
Calculate the highest common factor of 2253690 and 10710.
1530
Calculate the highest common divisor of 56 and 58952.
8
Calculate the greatest common divisor of 245404 and 380.
76
What is the greatest common factor of 813843 and 27?
9
Calculate the highest common factor of 38860 and 8.
4
What is the highest common factor of 55 and 125?
5
What is the greatest common divisor of 11776 and 15916?
92
Calculate the greatest common divisor of 43697 and 999.
37
Calculate the highest common divisor of 2353 and 8047.
13
Calculate the highest common factor of 151844 and 71978.
986
Calculate the highest common divisor of 46 and 72082.
46
What is the highest common divisor of 7306 and 174220?
562
Calculate the greatest common factor of 54569 and 6107.
197
Calculate the greatest common factor of 11136 and 3456.
384
What is the highest common factor of 92140 and 425?
85
Calculate the greatest common divisor of 4329924 and 36.
12
Calculate the highest common divisor of 352 and 38841.
11
What is the highest common factor of 297122 and 532?
266
What is the greatest common factor of 7960 and 1760?
40
Calculate the highest common factor of 41418 and 236.
118
Calculate the highest common factor of 57348 and 72.
36
What is the greatest common divisor of 2847 and 2388633?
2847
Calculate the greatest common divisor of 27 and 20204.
1
What is the greatest common factor of 2685 and 328465?
895
What is the greatest common factor of 9198 and 584?
146
What is the greatest common factor of 1032 and 24897?
129
What is the highest common divisor of 48 and 170184?
24
What is the greatest common factor of 32278 and 20?
2
What is the highest common factor of 176346 and 54?
18
What is the highest common divisor of 78512 and 2576?
112
Calculate the highest common factor of 1308 and 123.
3
Calculate the highest common factor of 85792 and 448.
224
What is the greatest common divisor of 18315 and 4255?
185
Calculate the highest common divisor of 16975 and 140.
35
What is the greatest common factor of 1097450 and 47?
47
What is the greatest common factor of 772893 and 99?
99
What is the greatest common factor of 216487 and 37?
37
Calculate the greatest common factor of 14630 and 28490.
770
Calculate the greatest common factor of 3280665 and 15.
15
What is the highest common factor of 6697 and 481?
37
What is the highest common factor of 103925 and 175?
25
What is the greatest common divisor of 537672 and 1720?
344
Calculate the greatest common divisor of 2008 and 2761.
251
Calculate the greatest common divisor of 527022 and 19.
19
Calculate the greatest common factor of 384 and 1401472.
128
What is the highest common divisor of 119565 and 54?
9
What is the greatest common factor of 21684 and 832?
52
Calculate the highest common divisor of 4719 and 234.
39
What is the highest common factor of 1344 and 10272?
96
What is the highest common factor of 20118 and 24?
6
What is the highest common divisor of 4399 and 3551?
53
Calculate the highest common factor of 2173458 and 84.
42
What is the greatest common divisor of 162167 and 257?
257
What is the highest common divisor of 19147 and 162049?
467
Calculate the greatest common divisor of 688 and 7408.
16
What is the highest common factor of 37682 and 996?
166
Calculate the greatest common factor of 256628 and 4.
4
Calculate the highest common factor of 128 and 39328.
32
What is the greatest common factor of 243 and 29997?
27
What is the highest common divisor of 36036 and 98?
14
What is the greatest common divisor of 486 and 1746?
18
Calculate the greatest common factor of 135 and 78246.
27
Calculate the highest common factor of 77 and 106911.
7
Calculate the highest common divisor of 631969 and 20241.
2249
Calculate the greatest common divisor of 7270 and 4695.
5
Calculate the highest common factor of 70 and 88980.
10
What is the greatest common divisor of 410752 and 512?
128
What is the greatest common factor of 108 and 14796?
108
Calculate the highest common divisor of 68 and 13243.
17
Calculate the greatest common factor of 2938 and 22074.
26
What is the greatest common factor of 18012 and 132?
12
Calculate the highest common divisor of 290 and 2680.
10
What is the highest common divisor of 1596 and 84?
84
What is the highest common divisor of 788532 and 108?
12
Calculate the greatest common divisor of 11637 and 36635.
431
What is the greatest common factor of 9426837 and 987?
987
What is the highest common factor of 80 and 5507080?
40
What is the greatest common divisor of 661171 and 812?
203
Calculate th